ed by 10446?
238
Calculate the remainder when 381772468 is divided by 1293.
1288
What is the remainder when 97428 is divided by 654?
636
Calculate the remainder when 12509933 is divided by 14.
9
What is the remainder when 8607 is divided by 158?
75
What is the remainder when 2003890 is divided by 809?
806
Calculate the remainder when 3454378 is divided by 104678.
4
What is the remainder when 2522145 is divided by 11516?
141
What is the remainder when 99373212 is divided by 40928?
28
What is the remainder when 102967 is divided by 244?
243
What is the remainder when 44248 is divided by 1165?
1143
What is the remainder when 252109302 is divided by 555?
552
What is the remainder when 40179522 is divided by 1042?
2
What is the remainder when 26891677 is divided by 132?
109
Calculate the remainder when 1627 is divided by 55.
32
Calculate the remainder when 336788 is divided by 787.
739
What is the remainder when 3857961 is divided by 991?
989
Calculate the remainder when 583623491 is divided by 15.
11
Calculate the remainder when 168570029 is divided by 18.
11
What is the remainder when 1112410 is divided by 12495?
355
What is the remainder when 17696955 is divided by 346999?
6
What is the remainder when 7065473 is divided by 185933?
19
Calculate the remainder when 11453804 is divided by 722.
718
What is the remainder when 1263046 is divided by 1684?
46
Calculate the remainder when 489787 is divided by 6516.
1087
What is the remainder when 15033 is divided by 190?
23
What is the remainder when 387023 is divided by 64318?
1115
What is the remainder when 6017618 is divided by 3710?
3708
What is the remainder when 326369093 is divided by 102?
101
What is the remainder when 217564 is divided by 3988?
2212
Calculate the remainder when 834639 is divided by 4091.
75
What is the remainder when 173442 is divided by 2765?
2012
Calculate the remainder when 7223210 is divided by 144464.
10
What is the remainder when 21346566 is divided by 121?
109
What is the remainder when 1261184 is divided by 35032?
32
What is the remainder when 755856 is divided by 17576?
88
What is the remainder when 161998 is divided by 173?
70
What is the remainder when 3282882 is divided by 458?
396
Calculate the remainder when 14504008 is divided by 75.
58
What is the remainder when 335297 is divided by 335140?
157
What is the remainder when 46510974 is divided by 26?
16
Calculate the remainder when 57640 is divided by 52745.
4895
Calculate the remainder when 11049199 is divided by 551.
547
What is the remainder when 29661340 is divided by 1647852?
4
What is the remainder when 643108 is divided by 21428?
268
Calculate the remainder when 6426580 is divided by 48320.
20
Calculate the remainder when 25201831 is divided by 250.
81
Calculate the remainder when 25527239 is divided by 115.
114
Calculate the remainder when 907310 is divided by 2400.
110
Calculate the remainder when 2467996 is divided by 1194.
1192
What is the remainder when 204553 is divided by 51137?
5
What is the remainder when 293481 is divided by 354?
15
Calculate the remainder when 1263112 is divided by 649.
158
What is the remainder when 7523136 is divided by 578676?
348
Calculate the remainder when 21878760 is divided by 148835.
15
Calculate the remainder when 18064 is divided by 8735.
594
Calculate the remainder when 10932793 is divided by 29.
25
Calculate the remainder when 222189 is divided by 5775.
2739
What is the remainder when 668247 is divided by 684?
663
Calculate the remainder when 1971827 is divided by 4.
3
What is the remainder when 8173740 is divided by 19053?
3
What is the remainder when 97972 is divided by 13981?
105
Calculate the remainder when 83586 is divided by 187.
184
What is the remainder when 322996882 is divided by 798?
796
Calculate the remainder when 89131 is divided by 220.
31
What is the remainder when 145076 is divided by 36202?
268
Calculate the remainder when 13022335 is divided by 3820.
3775
Calculate the remainder when 6351689 is divided by 95.
84
Calculate the remainder when 2583905 is divided by 7830.
5
Calculate the remainder when 20597551 is divided by 1429.
1374
Calculate the remainder when 147838 is divided by 29549.
93
What is the remainder when 177045 is divided by 44?
33
What is the remainder when 3503279 is divided by 942?
923
What is the remainder when 96960 is divided by 2688?
192
Calculate the remainder when 12696 is divided by 2110.
36
Calculate the remainder when 2291873 is divided by 4745.
38
Calculate the remainder when 178824663 is divided by 12773190.
3
What is the remainder when 3163002 is divided by 1034?
1030
Calculate the remainder when 20905015 is divided by 529.
522
Calculate the remainder when 106087478 is divided by 1452.
2
What is the remainder when 2792775 is divided by 199?
9
Calculate the remainder when 61957 is divided by 6875.
82
What is the remainder when 269285 is divided by 131319?
6647
Calculate the remainder when 418512894 is divided by 64.
62
Calculate the remainder when 916530 is divided by 4536.
258
What is the remainder when 1222900 is divided by 3348?
880
Calculate the remainder when 17003368 is divided by 32636.
12
Calculate the remainder when 171302 is divided by 288.
230
What is the remainder when 30692 is divided by 3045?
242
What is the remainder when 83477 is divided by 407?
42
What is the remainder when 12734280 is divided by 22?
20
Calculate the remainder when 8283310 is divided by 46.
44
Calculate the remainder when 2528873 is divided by 36.
17
What is the remainder when 121015 is divided by 1423?
60
Calculate the remainder when 424693 is divided by 212315.
63
What is the remainder when 189591213 is divided by 2555?
2548
What is the remainder when 329577 is divided by 297?
204
Calculate the remainder when 2734786 is divided by 1101.
1003
Calculate the remainder when 3501364 is divided by 31828.
284
What is the remainder when 606845 is divided by 1167?
5
What is the remainder when 1497370 is divided by 57564?
706
What is the remainder when 29014626 is divided by 7?
4
Calculate the remainder when 15584144 is divided by 80.
64
What is the remainder when 8816884 is divided by 701?
407
What is the remainder when 62317 is divided by 12094?
1847
Calculate the remainder when 442106 is divided by 3180.
86
What is the remainder when 93975 is divided by 5846?
439
Calculate the remainder when 14704323 is divided by 2483.
2480
What is the remainder when 13045 is divided by 242?
219
Calculate the remainder when 5332037 is divided by 4821.
11
Calculate the remainder when 3315701 is divided by 427.
46
Calculate the remainder when 3105301 is divided by 17348.
9
Calculate the remainder when 2065248 is divided by 295018.
122
Calculate the remainder when 19209 is divided by 4629.
693
What is the remainder when 1296601 is divided by 4351?
3
What is the remainder when 3393408 is divided by 536?
528
What is the remainder when 741769 is divided by 247256?
1
What is the remainder when 431542 is divided by 12282?
1672
Calculate the remainder when 376989 is divided by 10521.
8754
Calculate the remainder when 1337902 is divided by 445721.
739
What is the remainder when 2121628 is divided by 6714?
4
Calculate the remainder when 1389385 is divided by 4858.
4855
Calculate the remainder when 1010960 is divided by 84245.
20
Calculate the remainder when 86861700 is divided by 1249.
1244
Calculate the remainder when 96131 is divided by 1001.
35
Calculate the remainder when 6501296 is divided by 175.
46
Calculate the remainder when 120439 is divided by 1961.
818
What is the remainder when 29559 is divided by 424?
303
Calculate the remainder when 5409175 is divided by 1134.
1129
What is the remainder when 47784261 is divided by 33?
30
What is the remainder when 51113 is divided by 641?
474
What is the remainder when 9613854 is divided by 258?
0
What is the remainder when 118692 is divided by 1362?
198
Calculate the remainder when 401560 is divided by 4102.
3666
Calculate the remainder when 69287646 is divided by 4556.
4554
What is the remainder when 459049 is divided by 457783?
1266
What is the remainder when 12641325 is divided by 113?
15
What is the remainder when 2334852 is divided by 1708?
16
What is the remainder when 233843158 is divided by 39?
16
What is the r